{"id":41,"date":"2019-06-18T15:33:42","date_gmt":"2019-06-18T13:33:42","guid":{"rendered":"http:\/\/schmackes-brass-band.de\/?page_id=41"},"modified":"2024-09-26T11:29:39","modified_gmt":"2024-09-26T09:29:39","slug":"ueber-uns","status":"publish","type":"page","link":"https:\/\/schmackes-brass-band.de\/?page_id=41","title":{"rendered":"\u00dcber uns"},"content":{"rendered":"\n<p><br>Gegr\u00fcndet im Jahre 1965, z\u00e4hlt die <strong>Schmackes Brass Band <\/strong>aus Krefeld zu den \u00e4ltesten Bands am Niederrhein. Die sechs Dixieland Jazzer begeistern das Publikum auch \u00fcber die Grenzen Deutschlands hinaus (\u00d6sterreich, Schweiz, Niederlande, etc.) und waren diverse Male bei gro\u00dfen Events mit von der Partie. In diesem Jahr sind sie bereits zum 24. Mal beim Nordsee-Jazzfestival auf der Insel Borkum mit dabei.<\/p>\n\n\n\n<p>In Jahr 2008 kam es zu einem Highlight ganz besonderer Art. Die Schmackes Brass Band war eine der teilnehmenden Dixieland Bands auf Europas gr\u00f6\u00dftem Dixieland-Festival in Dresden. Das Festival, welches auch aus dem Fernsehen bekannt ist, z\u00e4hlt mit seinen \u00fcber 500.000 Besuchern zu den gr\u00f6\u00dften der Welt. Nicht umsonst ist Dresden als die \u201eeurop\u00e4ische Hauptstadt des Dixielands\u201c bekannt.<\/p>\n\n\n\n<p>Mit ihrer aktuellen Besetzung, unter denen bis vor kurzem immer noch ein Gr\u00fcndungsmitglied weilte, hat sie sich seit 30 Jahren am Niederrhein einen Namen gemacht. Ende 2012 schied Banjonist Wim \u201eMatjes\u201c Maljers nach \u00fcber 30-j\u00e4hriger T\u00e4tigkeit gesundheitsbedingt aus, f\u00fcr ihn kam Manni Veit, der bereits zu fr\u00fcheren Zeiten in den Reihen der Band war, zur\u00fcck an Bord. <\/p>\n\n\n\n<p>Im Jahr 2017 verstarb das Schmackes-Urgestein Rainer \u201eOppa\u201c Strietzel pl\u00f6tzlich und unerwartet und hinterlie\u00df eine gro\u00dfe L\u00fccke in den Reihen der Band. Mit dem englischen Sousaphonisten Clive Fenton, in Europa einer der f\u00fchrenden Musiker an seinem Instrument, gelang der Band ein Gl\u00fccksgriff, welcher die Band weiter auf der Erfolgsspur h\u00e4lt. <\/p>\n\n\n\n<p>Im Juni 2018 folgete ein doppelter Schicksalsschlag f\u00fcr die Band. Innerhalb von 2 aufeinanderfolgenden Tagen verstarben ganz pl\u00f6tzlich und unerwartet  Wim Maljers sowie  das Krefelder Jazz-Urgestein und Schmackes Trompeter Ecky Odenthal. F\u00fcr die Band musikalisch wie menschlich ein unbeschreiblicher Verlust. <\/p>\n\n\n\n<p>Man soll immer in die Zukunft schauen! Nach vielen\nSchicksalsschl\u00e4gen in k\u00fcrzester Zeit startet die Schmackes mit Ihrer jetzigen\nBesetzung in eine neue \u00c4ra! <\/p>\n\n\n\n<p><strong>Die Akteure:<\/strong><\/p>\n\n\n\n<p>Trompeter und S\u00e4nger <strong>Boris Odenthal <\/strong>als Bandleader und \u201emusikalischer Leiter\u201c z\u00e4hlt sicherlich (immer noch) zu den j\u00fcngsten Trompetern dieses Musikstils in Europa. Er stand schon in seiner fr\u00fchsten Kindheit neben seinem Vater auf der B\u00fchne und ist inzwischen eine bekannte Gr\u00f6\u00dfe in der Jazz-Szene. \u00a0Im Jahr 2010 und den Folgejahren war er fester Bestandteil der \u201eEuropean TOP 8\u201c, einer Auswahl von Europas besten Jazzmusikern im Oldtime-Stil, die \u00a0allj\u00e4hrlich ein Konzert gemeinsam bestritten. \u00a0Mit Sohnemann <strong>Noah<\/strong> (10) steht schon der n\u00e4chste Nachwuchs aus dem Hause Odenthal in den Startl\u00f6chern. Zusammen mit <strong>\u201eDoktore\u201c Bernie Tebbe <\/strong>und <strong>Robbi Seeliger <\/strong>an Klarinette und Saxophon entsteht der unverwechselbare Schmackes-Sound. <strong>Manni Veit <\/strong>am Banjo ist in der Szene eine feste und \u00fcber Jahrzehnte bekannte Gr\u00f6\u00dfe, neben ihm Virtuose <strong>Clive Fenton <\/strong>am Sousaphon, der aus zahlreichen weltber\u00fchmten Formationen wie Rod Mason\u2019s Hot Five, Chris Barber Band, Mr. Acker Bilk, Bob Kerr an his Whopee Band, u.v.m. bekannt ist. <\/p>\n\n\n\n<p>Den Spa\u00df an der Musik kann man ihnen bei\nihren Live-Auftritten f\u00f6rmlich ansehen, und so springt der Funke auch schnell\naufs Publikum \u00fcber. <\/p>\n\n\n\n<p><strong>Handgemachter Jazz mit\n\u201eSchmackes\u201c, der keinen Zuh\u00f6rer ruhig stehen l\u00e4sst.<\/strong><\/p>\n","protected":false},"excerpt":{"rendered":"<p>Gegr\u00fcndet im Jahre 1965, z\u00e4hlt die Schmackes Brass Band aus Krefeld zu den \u00e4ltesten Bands am Niederrhein. Die sechs Dixieland Jazzer begeistern das Publikum auch \u00fcber die Grenzen Deutschlands hinaus (\u00d6sterreich, Schweiz, Niederlande, etc.) und waren diverse Male bei gro\u00dfen Events mit von der Partie. In diesem Jahr sind sie bereits zum 24. Mal beim Nordsee-Jazzfestival auf der Insel Borkum mit dabei. In Jahr 2008 kam es zu einem Highlight ganz besonderer Art. Die Schmackes Brass Band war eine der teilnehmenden Dixieland Bands auf Europas gr\u00f6\u00dftem Dixieland-Festival in Dresden. Das Festival, welches auch aus dem Fernsehen bekannt ist, z\u00e4hlt mit seinen \u00fcber 500.000 Besuchern zu den gr\u00f6\u00dften der Welt. Nicht umsonst ist Dresden als die \u201eeurop\u00e4ische Hauptstadt des Dixielands\u201c bekannt. Mit ihrer aktuellen Besetzung, unter denen bis vor kurzem immer noch ein Gr\u00fcndungsmitglied weilte, hat sie sich seit 30 Jahren am Niederrhein einen Namen gemacht. Ende 2012 schied Banjonist Wim \u201eMatjes\u201c Maljers nach \u00fcber 30-j\u00e4hriger T\u00e4tigkeit gesundheitsbedingt aus, f\u00fcr ihn kam Manni Veit, der bereits zu fr\u00fcheren Zeiten in den Reihen der Band war, zur\u00fcck an Bord. Im Jahr 2017 verstarb das Schmackes-Urgestein Rainer \u201eOppa\u201c Strietzel pl\u00f6tzlich und unerwartet und hinterlie\u00df eine gro\u00dfe L\u00fccke in den Reihen der Band. Mit dem englischen Sousaphonisten Clive Fenton, in Europa einer der f\u00fchrenden Musiker an seinem Instrument, gelang der Band ein Gl\u00fccksgriff, welcher die Band weiter auf der Erfolgsspur h\u00e4lt. Im Juni 2018 folgete ein doppelter Schicksalsschlag f\u00fcr die Band. Innerhalb von 2 aufeinanderfolgenden Tagen verstarben ganz pl\u00f6tzlich und unerwartet Wim Maljers sowie das Krefelder Jazz-Urgestein und Schmackes Trompeter Ecky Odenthal. F\u00fcr die Band musikalisch wie menschlich ein unbeschreiblicher Verlust. Man soll immer in die Zukunft schauen! Nach vielen Schicksalsschl\u00e4gen in k\u00fcrzester Zeit startet die Schmackes mit Ihrer jetzigen Besetzung in eine neue \u00c4ra! Die Akteure: Trompeter und S\u00e4nger Boris Odenthal als Bandleader und \u201emusikalischer Leiter\u201c z\u00e4hlt sicherlich (immer noch) zu den j\u00fcngsten Trompetern dieses Musikstils in Europa. Er stand schon in seiner fr\u00fchsten Kindheit neben seinem Vater auf der B\u00fchne und ist inzwischen eine bekannte Gr\u00f6\u00dfe in der Jazz-Szene. \u00a0Im Jahr 2010 und den Folgejahren war er fester Bestandteil der \u201eEuropean TOP 8\u201c, einer Auswahl von Europas besten Jazzmusikern im Oldtime-Stil, die \u00a0allj\u00e4hrlich ein Konzert gemeinsam bestritten. \u00a0Mit Sohnemann Noah (10) steht schon der n\u00e4chste Nachwuchs aus dem Hause Odenthal in den Startl\u00f6chern. Zusammen mit \u201eDoktore\u201c Bernie Tebbe und Robbi Seeliger an Klarinette und Saxophon entsteht der unverwechselbare Schmackes-Sound. Manni Veit am Banjo ist in der Szene eine feste und \u00fcber Jahrzehnte bekannte Gr\u00f6\u00dfe, neben ihm Virtuose Clive Fenton am Sousaphon, der aus zahlreichen weltber\u00fchmten Formationen wie Rod Mason\u2019s Hot Five, Chris Barber Band, Mr. Acker Bilk, Bob Kerr an his Whopee Band, u.v.m. bekannt ist. Den Spa\u00df an der Musik kann man ihnen bei ihren Live-Auftritten f\u00f6rmlich ansehen, und so springt der Funke auch schnell aufs Publikum \u00fcber. Handgemachter Jazz mit \u201eSchmackes\u201c, der keinen Zuh\u00f6rer ruhig stehen l\u00e4sst.<\/p>\n","protected":false},"author":1,"featured_media":0,"parent":0,"menu_order":0,"comment_status":"closed","ping_status":"closed","template":"","meta":[],"_links":{"self":[{"href":"https:\/\/schmackes-brass-band.de\/index.php?rest_route=\/wp\/v2\/pages\/41"}],"collection":[{"href":"https:\/\/schmackes-brass-band.de\/index.php?rest_route=\/wp\/v2\/pages"}],"about":[{"href":"https:\/\/schmackes-brass-band.de\/index.php?rest_route=\/wp\/v2\/types\/page"}],"author":[{"embeddable":true,"href":"https:\/\/schmackes-brass-band.de\/index.php?rest_route=\/wp\/v2\/users\/1"}],"replies":[{"embeddable":true,"href":"https:\/\/schmackes-brass-band.de\/index.php?rest_route=%2Fwp%2Fv2%2Fcomments&post=41"}],"version-history":[{"count":9,"href":"https:\/\/schmackes-brass-band.de\/index.php?rest_route=\/wp\/v2\/pages\/41\/revisions"}],"predecessor-version":[{"id":308,"href":"https:\/\/schmackes-brass-band.de\/index.php?rest_route=\/wp\/v2\/pages\/41\/revisions\/308"}],"wp:attachment":[{"href":"https:\/\/schmackes-brass-band.de\/index.php?rest_route=%2Fwp%2Fv2%2Fmedia&parent=41"}],"curies":[{"name":"wp","href":"https:\/\/api.w.org\/{rel}","templated":true}]}}